75 divide 1026481?
False
Does 13 divide 245816?
False
Is 251760 a multiple of 5?
True
Does 27 divide 503091?
True
Is 9 a factor of 1630923?
False
Is 29 a factor of 2702133?
True
Does 23 divide 817259?
True
Is 1155198 a multiple of 69?
True
Is 520 a factor of 5313880?
True
Does 21 divide 2136?
False
Is 311220 a multiple of 195?
True
Is 417158 a multiple of 499?
False
Is 220968 a multiple of 168?
False
Is 7 a factor of 15792?
True
Is 4386200 a multiple of 1400?
True
Does 23 divide 26059?
True
Is 300071 a multiple of 48?
False
Is 132923 a multiple of 18?
False
Does 53 divide 401195?
False
Does 18 divide 12575270?
False
Is 909545 a multiple of 180?
False
Does 27 divide 66191?
False
Is 7621026 a multiple of 58?
True
Is 12 a factor of 725932?
False
Does 52 divide 174200?
True
Does 27 divide 5180676?
False
Does 6 divide 8316802?
False
Is 490123 a multiple of 319?
False
Does 26 divide 491280?
False
Is 40 a factor of 456206?
False
Is 397488 a multiple of 546?
True
Is 1996449 a multiple of 7?
True
Does 220 divide 219635?
False
Is 2608 a multiple of 16?
True
Does 10 divide 217349?
False
Does 401 divide 182054?
True
Is 45 a factor of 8574023?
False
Does 490 divide 2170756?
False
Is 19 a factor of 3888692?
True
Is 147 a factor of 665469?
True
Is 750474 a multiple of 29?
False
Is 4 a factor of 15964?
True
Is 690589 a multiple of 32?
False
Is 952 a factor of 5740560?
True
Is 2160 a factor of 10905840?
True
Is 161403 a multiple of 325?
False
Does 53 divide 3258440?
True
Does 257 divide 2865807?
True
Is 69 a factor of 155351?
False
Is 16255592 a multiple of 216?
False
Is 4434984 a multiple of 24?
True
Is 448 a factor of 307977?
False
Is 649 a factor of 7518665?
True
Is 106 a factor of 382511?
False
Is 21 a factor of 243337?
False
Does 5 divide 144980?
True
Is 62678 a multiple of 7?
True
Does 16 divide 578896?
True
Is 910644 a multiple of 14?
True
Is 26 a factor of 13481064?
False
Is 84420 even?
True
Does 44 divide 460460?
True
Is 21340583 a multiple of 34?
False
Is 116 a factor of 92274?
False
Is 12646 a multiple of 7?
False
Is 3 a factor of 36486?
True
Does 4 divide 5925498?
False
Is 521 a factor of 1332718?
True
Is 2155830 a multiple of 214?
False
Does 43 divide 84837?
False
Is 117 a factor of 319422?
False
Is 294 a factor of 7367934?
True
Does 152 divide 195992?
False
Is 1628585 a multiple of 665?
True
Is 396 a factor of 88461?
False
Is 14 a factor of 360696?
True
Does 37 divide 3626?
True
Is 978245 a multiple of 74?
False
Is 461472 a multiple of 32?
True
Does 59 divide 2812079?
False
Does 14 divide 2407557?
False
Is 407379 a multiple of 67?
False
Is 45 a factor of 259840?
False
Is 155129 a multiple of 31?
False
Does 48 divide 1668960?
True
Does 5 divide 2565880?
True
Does 441 divide 2754280?
False
Does 17 divide 282466?
False
Does 404 divide 167432?
False
Is 11 a factor of 237039?
True
Is 1077732 a multiple of 61?
False
Is 510948 a multiple of 54?
True
Is 47733 a multiple of 45?
False
Is 40448 a multiple of 106?
False
Does 18 divide 108082?
False
Is 113781 a multiple of 51?
True
Is 166956 a multiple of 172?
False
Is 102870 a multiple of 81?
True
Is 108781 a multiple of 4?
False
Does 77 divide 5164313?
True
Is 11 a factor of 2858361?
True
Is 686562 a multiple of 254?
True
Does 91 divide 299569?
False
Is 44 a factor of 3207468?
True
Does 75 divide 1833906?
False
Does 594 divide 1254056?
False
Does 14 divide 2260622?
True
Is 14 a factor of 290402?
True
Is 150765 a multiple of 26?
False
Is 9202325 a multiple of 275?
True
Is 14056 a multiple of 29?
False
Is 3202020 a multiple of 180?
True
Does 38 divide 97149?
False
Is 3634884 a multiple of 201?
True
Is 21 a factor of 574916?
False
Is 20 a factor of 42840?
True
Does 171 divide 59906?
False
Does 15 divide 359160?
True
Is 17409 a multiple of 6?
False
Is 165148 a multiple of 3?
False
Is 1144427 a multiple of 899?
True
Does 15 divide 874195?
False
Does 68 divide 33291?
False
Is 22632 a multiple of 4?
True
Does 220 divide 2536724?
False
Is 31 a factor of 1536298?
True
Is 58 a factor of 249458?
True
Does 50 divide 192540?
False
Is 1591884 a multiple of 84?
True
Is 1428371 a multiple of 387?
False
Does 93 divide 86025?
True
Is 4 a factor of 281803?
False
Does 7 divide 10187212?
True
Is 261 a factor of 457716?
False
Is 2251282 a multiple of 62?
True
Is 52998 a multiple of 242?
True
Is 54 a factor of 441126?
True
Is 3 a factor of 37095?
True
Is 273 a factor of 313950?
True
Does 1357 divide 11697212?
False
Is 754312 a multiple of 104?
True
Does 21 divide 56051?
False
Is 12213633 a multiple of 39?
False
Does 218 divide 925192?
True
Is 297577 a multiple of 7?
True
Does 45 divide 159435?
True
Is 2551187 a multiple of 4?
False
Is 1210 a multiple of 22?
True
Is 14 a factor of 3037659?
False
Does 19 divide 84208?
True
Is 52 a factor of 160712?
False
Does 30 divide 244140?
True
Is 37 a factor of 3285?
False
Is 73332 a multiple of 42?
True
Is 10476140 a multiple of 244?
True
Is 1312 a factor of 15309608?
False
Is 31 a factor of 50873?
False
Does 381 divide 431673?
True
Is 236384 a multiple of 522?
False
Is 53 a factor of 708928?
True
Is 129162 a multiple of 38?
True
Is 1322374 a multiple of 308?
False
Does 13 divide 514514?
True
Is 6236244 a multiple of 17?
False
Does 17 divide 308295?
True
Does 16 divide 20822?
False
Does 5 divide 416160?
True
Is 17 a factor of 18853038?
False
Does 34 divide 137943?
False
Does 75 divide 7673876?
False
Is 14 a factor of 1768909?
False
Does 149 divide 75543?
True
Does 258 divide 62952?
True
Is 105200 a multiple of 4?
True
Is 247 a factor of 118313?
True
Is 1339235 a multiple of 215?
True
Is 1072 a factor of 1428061?
False
Does 237 divide 3052299?
False
Is 10 a factor of 330930?
True
Is 43 a factor of 906870?
True
Is 14 a factor of 1312605?
False
Is 441077 a multiple of 708?
False
Is 597394 a multiple of 92?
False
Does 1602 divide 5462820?
True
Does 17 divide 188252?
False
Does 125 divide 17245552?
False
Is 65167 a multiple of 19?
False
Is 1494286 a multiple of 41?
True
Is 1292 a multiple of 34?
True
Is 10 a factor of 7128944?
False
Is 368157 a multiple of 5?
False
Does 5 divide 736035?
True
Is 258 a factor of 995880?
True
Does 14 divide 532546?
True
Does 1352 divide 1698112?
True
Does 13 divide 2816268?
True
Does 10 divide 1222340?
True
Is 20 a factor of 9444613?
False
Is 4 a factor of 2582?
False
Is 11582 a multiple of 36?
False
Is 764673 a multiple of 3?
True
Is 14844 a multiple of 94?
False
Does 33 divide 2210108?
False
Is 25 a factor of 1896850?
True
Is 11 a factor of 481657?
True
Is 1305627 a multiple of 134?
False
Is 216417 a multiple of 15?
False
Does 820 divide 3789220?
True
Does 952 divide 13627108?
False
Does 6 divide 446472?
True
Is 99 a factor of 887436?
True
Is 1577024 a multiple of 1312?
True
Is 2386912 a multiple of 16?
True
Is 70 a factor of 86730?
True
Is 382982 a multiple of 80?
False
Does 7 divide 417641?
True
Is 50 a factor of 212462?
False
Is 632146 a multiple of 16?
False
Is 27 a factor of 116285?
False
Is 60 a factor of 517020?
True
Is 54 a factor of 8547228?
True
Is 24 a factor of 22065?
False
Does 292 divide 8732844?
True
Is 33434 a multiple of 4?
False
Does 27 divide 3024?
True
Is 550804 a multiple of 46?
True
Is 46 a factor of 41814?
True
Is 1194 a factor of 6377154?
True
Is 4 a factor of 108221?
False
Is 5 a factor of 15580?
True
Is 2388938 a multiple of 1311?
False
Is 190 a factor of 85310?
True
Does 24 divide 142747?
False
Is 4862440 a multiple of 440?
True
Is 23721 a multiple of 7?
False
Is 751415 a multiple of 41?
False
Is 998734 a multiple of 11?
True
Does 21 divide 64470?
True
Does 148 divide 178146?
False
Is 1339558 a multiple of 11?
True
Is 286056 a multiple of 58?
True
Does 181 divide 101179?
True
Is 8330616 a multiple of 252?
True
Does 455 divide 1249191?
False
Is 390140 a multiple of 122?
False
Is 957 a factor of 7917682?
False
Does 1247 divide 9754808?
False
Is 3930476 a multiple of 22?
True
Is 5 a factor of 534400?
True
Does 519 divide 20361978?
False
Is 28 a factor of 3178056?
True
Is 671 a factor of 11567060?
False
Does 8 divide 8388219?
False
Is 299 a factor of 11242400?
True
Is 242345 a multiple of 23?
False
Is 176 a factor of 3604676?
False
Is 54 a factor of 441492?
False
Does 8 divide 39080?
True
Does 230 divide 7322579?
False
Does 211 divide 33